e 0 = 7*t - 11*t - 496. Let y = -24 - t. What is the hundreds digit of y?
1
What is the hundreds digit of 659 + (6 - (-4 + 9))?
6
Let j(n) = 54*n - 31. What is the hundreds digit of j(7)?
3
Suppose -v - 455 = 2*l - 3*l, -4*l + v + 1835 = 0. What is the units digit of l?
0
Let v(y) = 17*y**2 + 9*y - 24. What is the units digit of v(-10)?
6
Suppose -798 = -3*u - 3*l, 3*u - 2*u = -3*l + 268. What is the hundreds digit of u?
2
Let l(w) = w**2 + w + 7. Let c be l(-3). Let m = c + 84. What is the units digit of m?
7
Suppose 4*v - 2994 = 4430. What is the hundreds digit of v?
8
Suppose -5*y = -8*z + 7*z + 421, -5*z + y = -2057. What is the hundreds digit of z?
4
Suppose -2*d = 3*d + 355. Let c = d + 210. What is the units digit of c?
9
Let a = -24 - -17. Let y(w) = w**2 - 1. Let p be y(a). Let l = p + -13. What is the tens digit of l?
3
Let v(i) = i**2 + 11*i - 40. Let t be v(-13). Suppose 2*x + 16 = -2*x. What is the tens digit of 1775/35 + x/t?
5
Suppose 0 = -18*o + 5*o + 65. What is the units digit of o?
5
Let u(p) be the second derivative of p**3/3 + 8*p**2 + p - 19. Suppose -5*s = -2*y + 1, -2*y - 3*s + 21 = -4. What is the units digit of u(y)?
2
Let l(y) = -y + 13. Let n be l(7). Let p = n - 2. Suppose -k - 96 = -3*j - 11, p*j - 4*k = 100. What is the units digit of j?
0
Let l(s) = -2*s**3 + 11*s**2 + 37*s + 7. Let n(f) = -f**3 + 6*f**2 + 18*f + 3. Let r(b) = -4*l(b) + 7*n(b). What is the hundreds digit of r(8)?
2
Suppose -4*p = -3*z + 941 + 968, -5*z + 3172 = 3*p. What is the hundreds digit of z?
6
Suppose -5*g + 1276 = -1874. What is the hundreds digit of g?
6
Let y be 0/4 + -2 - -7. Suppose y*v - 32 = v. What is the units digit of v?
8
Let h(i) be the third derivative of -i**4/24 + 8*i**3 + i**2. Suppose -m + 9 = -3*b, -m - 3*m = b + 3. What is the units digit of h(m)?
8
What is the units digit of ((3 - 7)/(-8))/((-6)/(-15972))?
1
Let n = 2505 + 295. What is the hundreds digit of n?
8
Let q(h) = -7*h**2 + 2*h - 3. Let a be q(3). Let n = a - -84. What is the units digit of n?
4
Suppose -5*d - 43 = -2*d + p, 5*d = -3*p - 73. Let y be d/(-1) - (3 + -7). Suppose 5*u - 3*u = y. What is the units digit of u?
9
Let c = 164 - 110. What is the tens digit of c?
5
Suppose 2*n - 5*k - 1191 = 0, n + k = -n + 1221. What is the hundreds digit of n?
6
Let g = -13 - -16. Suppose -3*d - 4*l + 73 = -2*d, -183 = -3*d - g*l. What is the tens digit of d?
5
What is the tens digit of (8/3)/4 + (-159040)/(-120)?
2
Suppose 2*k = 2*t + t + 214, -3*k + 2*t = -311. Let n = k - 59. What is the tens digit of n?
4
Let i(s) = -11*s - s + 0*s - s**3 + 9*s**2 + 19 + 4*s**2. What is the tens digit of i(11)?
2
Suppose 17 = o + 5. Let j = -12 + o. Suppose u + 5*v - 29 = j, 28 = 3*u - 4*v - 21. What is the tens digit of u?
1
Let c = -887 + 1301. Suppose 4*i - 529 = -5*h, -3*i = -0*i - 2*h - c. What is the tens digit of i?
3
Let u(i) = -i**2 - 3*i - 2. Let f be (-1)/8 - (-30)/(-16). Let n be u(f). Suppose -4*k + 113 + 63 = n. What is the units digit of k?
4
Suppose 3*r + 0*r = -18. Let v = -8 - r. What is the units digit of 7/v*(-176)/28?
2
Let t(b) = -b**2 - 17*b - 18. Let u be t(-17). Let h = u + 52. What is the tens digit of h?
3
What is the tens digit of 6/2 - (3 + -734)?
3
Let c be 2 + (5 - (-3 - -6)). Suppose -c*p = -p - 30. Let y = p - 5. What is the units digit of y?
5
Let l be -4 + 174/(-1 + 2). Suppose l = 2*c - 220. Suppose 0 = -6*r + 3*r + c. What is the tens digit of r?
6
Suppose -4*q = 30 + 54. What is the tens digit of ((-1379)/q)/(12/9 - 1)?
9
Suppose -10*k + 13*k - 405 = 0. What is the units digit of k?
5
Let o(a) = 58*a**2 + 13*a + 5. What is the hundreds digit of o(-3)?
4
Let w = -42 - -8. What is the units digit of ((-17)/w)/(1/2)?
1
Let j(b) = b**2 + 5*b + 239. What is the thousands digit of j(-37)?
1
Suppose 4*v - 7*v = -807. What is the units digit of v?
9
Let g(l) = 66*l + 17*l**2 + 1 - 68*l + 0*l**2. What is the units digit of g(-3)?
0
Suppose 3*d + 0*d + 4*c = 0, 2*c = -4*d. What is the units digit of 64 + (d - -1) - (2 - -1)?
2
Let n be (0 - 0 - (-39)/(-26))*4. Let v be 609/12 + (-4)/(-16). Let j = v + n. What is the units digit of j?
5
Suppose -23*r = -21*r - 556. Let o = -197 + r. What is the tens digit of o?
8
What is the units digit of (-118)/295 + (-1777)/(-5)?
5
Let g(z) = -z**3 + 11*z**2 + 13*z + 11. Let t(w) = -w**3 - w**2 - w + 12. Suppose 6*l - 2*l = 0. Let b be t(l). What is the units digit of g(b)?
3
Let q(o) = o**2 + o. Let y be q(-1). Suppose u + 4*u = y. Suppose u = -6*a + 2*a + 16. What is the units digit of a?
4
Let w be -58 - (1 + (-1 - -3)). Let l = w - -95. What is the tens digit of l?
3
Let k be -8*(-1 - 0) - 1. Suppose c - k = -3*m, -2*m = -3*m + c - 3. What is the tens digit of 2 + m + (53 - 0)?
5
What is the units digit of (1684/10)/(-13 + (-652)/(-50))?
0
Suppose -9*w = -5*w - 8. Suppose w*c = 2*s + 180, 5*s = 2*c + s - 190. What is the tens digit of c?
8
Suppose -1956 + 4740 = 4*n. Suppose n + 36 = 6*s. What is the units digit of s?
2
Let v = -63 + 39. Suppose -5*l = 5*f + 270, -l + 3*f = -f + 54. Let r = v - l. What is the units digit of r?
0
Suppose 13*h = -4*h + 10812. What is the hundreds digit of h?
6
Let s(z) = z - 3. Let k be s(7). Suppose -k*f = 5 - 1. What is the tens digit of (-176)/(-4)*1 - f?
4
Suppose v + 46 = -4*z, 6*v - v = z + 22. Let o = -17 - -9. Let m = o - z. What is the units digit of m?
4
Let z(r) be the second derivative of -r**5/20 - r**4/4 - 11*r**3/6 - 3*r**2 - 26*r. What is the units digit of z(-5)?
9
Let a be 4/((-4)/(-3)) + -7. Suppose 5*u - 2*m + 6 - 41 = 0, -2*m = 10. Let f = u - a. What is the units digit of f?
9
Let k = -31 + 62. Suppose 521 - k = 5*b. Let f = b - 69. What is the units digit of f?
9
Let i(j) = j**3 - 4*j**2 - 5*j + 1. Let h be i(5). Let n be ((12/2)/3)/h. What is the units digit of (2/(-3))/(n/(-21))?
7
Let f = 19 + -8. Suppose 5*g - f = 4*r - r, 2*g + 4 = 4*r. Suppose 0 = r*z + n - 88, 3*n + 6 + 9 = 0. What is the units digit of z?
1
Let h be (-2)/(-8)*(-5)/(10/(-16)). Suppose 2*q - 84 = -4*u, -3*q - h*u + 180 = q. What is the units digit of q?
6
What is the tens digit of (-130)/52*(-230)/(0 - -1)?
7
What is the hundreds digit of (3106 - 0)/(5/(40/16))?
5
Let i = -41 - -46. What is the hundreds digit of (6 + -1)*(i + (46 - 4))?
2
Suppose -2*c + 866 = 5*r, 2*c - 850 = 2*r + r. What is the hundreds digit of c?
4
Let v(b) be the second derivative of b**3/3 - 3*b**2 - b. Let t be v(5). Suppose t*o + 3*u = 20 + 28, 5*o + 5*u = 65. What is the units digit of o?
9
Let o(g) = -2*g + 3. Let z be o(0). Suppose z*r + 172 = 580. What is the hundreds digit of r?
1
Let x = 436 + 206. What is the tens digit of x?
4
Let f be 1/((-15)/(-10) + -2). What is the tens digit of (-4)/f*(-227)/(-2)?
2
Let w(t) = 8*t**2 - 13*t - 21. What is the hundreds digit of w(-6)?
3
Let p(n) = -n**3 - 6*n**2 - 5*n + 5. Let i be p(-5). Suppose 2*w - 12 = -4*j, 3*w - 5 = i*j + 2. What is the units digit of (-668)/(-16) - 3/w?
1
Suppose -s + 225 = 4*s + r, -s = -4*r - 66. Suppose -2*j = -3*a + 206, -5*a = -0*a - j - 341. Let x = a - s. What is the units digit of x?
2
Let s(p) = -p**2 - 4. Let k be s(0). Let z = -6 - k. What is the units digit of (4 + -3)/(z/(-38))?
9
Let a = -365 - -240. Let j = -55 - a. What is the tens digit of j?
7
Suppose 0 = -4*j - 20, 837 = -14*p + 16*p - j. What is the tens digit of p?
1
Let p = 2189 + 2470. What is the units digit of p?
9
Suppose 0 = -40*o + 30607 + 13753. What is the units digit of o?
9
Suppose 0 = -3*q - 0*q - 45. Let z(x) be the first derivative of -x**2 + 3*x + 8. What is the units digit of z(q)?
3
What is the tens digit of (1293/2 - 0)*(-18)/(-27)?
3
Suppose 0 = -2*b - 3*b + 20. Let t be (102/(-8))/((-1)/b). Suppose 0 = -5*x - p + 120, 0 = -3*x - 3*p + 135 - t. What is the units digit of x?
3
Suppose 0 = -12*m + 17*m - 80. Let h be (-108)/m + 9/12. Let y(n) = -n + 11. What is the tens digit of y(h)?
1
Let d(n) = 1876*n**3 - 11*n**2 + 9*n + 2. What is the thousands digit of d(1)?
1
Let h = 105 + -107. What is the tens digit of (3 + (h - -1) - -179)*1?
8
Let v(t) = 14*t - 2. Let h(c) = 42*c - 5. Let b(u) = 6*h(u) - 17*v(u). Let m be b(10). Suppose 6*a - m = 2*a. What is the units digit of a?
6
Suppose -2*i - 155 = -z - 459, -5*z = 0. What is the units digit of i?
2
Let